. What is the greatest common factor of o and 9?
9
Suppose -3*i + 8 = 5*a, -a - 2*i = i + 8. Suppose -35 = r + a*r. Let f be (4/2)/(r/(-168)). Calculate the greatest common factor of 6 and f.
6
Suppose -5*w = -102 - 58. Let i be (-18)/8*w/(-3). Calculate the greatest common factor of i and 6.
6
Let o be (-297)/2*26/(-39). Calculate the highest common factor of o and 11.
11
Suppose -4*j + 50 = -2. Suppose -369 = -4*u + 5*s, 5*u - 3*s + 6*s = 452. Calculate the highest common factor of j and u.
13
Suppose -2*l = l - 3. Suppose -i - l = -4. What is the highest common divisor of 21 and i?
3
Suppose m - 6 + 0 = 0. Let n be (m/(-9))/(1/(-9)). Calculate the greatest common factor of n and 6.
6
Let l be (-287)/(-5) + 14/(-35). Suppose 3*d - 4*d = -h - l, -2*h = -4*d + 224. What is the highest common factor of d and 5?
5
Let u be 52/(-6)*(-21)/(-2). Let a be -3 - (-3 + 1) - u. Let f(h) = 6*h - 2. Let g be f(2). What is the highest common factor of g and a?
10
Suppose -4*j - 2*f = -140, 0 = 5*j + 2*f - 196 + 21. Calculate the highest common factor of j and 7.
7
Let k = -22 + 34. Suppose 0 = r - 4, 0 = 4*y - 3*r - 8 - k. Calculate the highest common factor of y and 72.
8
Let w(z) be the second derivative of z**4/6 + 7*z**3/3 + 4*z**2 + 3*z. Let j be w(-9). Calculate the greatest common divisor of j and 4.
4
Suppose -4*h + 0*b + 5*b + 655 = 0, -2*b + 167 = h. Calculate the highest common factor of h and 15.
15
Let h(v) = v**3 - 3*v**2 - v - 5. Let x be h(4). Suppose 2*g = 6*g - 4*u - 148, -g + 5*u + 45 = 0. What is the greatest common factor of x and g?
7
Suppose 3*r - 4*r + 5 = 3*m, r - 23 = 3*m. Let l(z) = -z**3 - z + 56. Let g be l(0). What is the greatest common factor of g and r?
14
Let k be -5 + 3 + 19 + 1. Let r(o) = -2*o**3 - 8*o**2 - 2*o - 6. Let w be r(-5). What is the highest common factor of k and w?
18
Suppose 2*x = 2*m + 32, 2*x - 7*x = -4*m - 79. Calculate the highest common factor of 120 and x.
15
Let l(n) = -n**3 + 6*n**2 - n. Let o be l(5). What is the greatest common divisor of 8 and o?
4
Let q(d) = d**2 + 3*d + 2. Let n(l) = -l**3 - 4*l**2. Let t be n(-3). Let i be q(t). Calculate the highest common factor of 14 and i.
14
Let k be (-17 + 1/(-1))/(-1). Let g = -363 - -369. What is the highest common factor of g and k?
6
Let u(j) = -5 + 5*j + 2*j**2 + 1 + 0. Let o be u(-7). Suppose 5*s - 31 - o = 0. Calculate the greatest common factor of 54 and s.
18
Let s be ((-27)/(-3))/(0 - 3/(-9)). What is the highest common factor of s and 243?
27
Let h be 2/(-2)*-1*9. Suppose h = 4*d - 7. Suppose y - 4*y + 24 = 0. Calculate the greatest common divisor of y and d.
4
Let i(q) = -q**2 - 10*q - 6. Let y be i(-10). Let d be (24/4)/(y/(-27)). What is the greatest common divisor of 3 and d?
3
Suppose -f - f = -16. Let p = 2 + 0. What is the greatest common factor of p and f?
2
Let m(c) = -6*c - 2. Let d be m(-1). Let s(g) = -5*g - 5. Let y be s(-5). What is the greatest common factor of y and d?
4
Let z = 8 + -4. Suppose 0 = -32*m + 155 + 101. Calculate the greatest common factor of m and z.
4
Let s be -10*4/10*-2. Let z = s + 14. Let o = 492 - 250. What is the greatest common factor of o and z?
22
Let g(l) = 3*l**2 + 2*l + 1. Let r be g(-3). Calculate the highest common factor of 22 and r.
22
Let s be 33/(-2*1/(-2)). What is the highest common factor of s and 165?
33
Let h(u) = -6*u - 2. Let i(f) = -114*f - 39. Let l(x) = -117*h(x) + 6*i(x). Let w be l(1). Let g = w - 8. What is the greatest common divisor of g and 10?
10
Suppose -t = 2*a - 4, 2*a - a - 2 = 3*t. Let v(u) = 6*u**2 + 5*u - 3. Let c be v(2). Suppose t = n - 112 + c. What is the highest common factor of n and 9?
9
Let o(y) = 10*y**2 + 6*y - 8. Let c be o(6). Suppose -446 = -3*g + c. Let s = -146 + g. What is the greatest common factor of s and 12?
12
Let i(p) = p**2 - 2*p - 5. Let w be i(5). Suppose 2*j + 4*h - 12 = 0, -5*h + w*h + 51 = 3*j. Calculate the highest common factor of 6 and j.
6
Let m = 2 + 3. Let n(w) = -w**3 + 9*w**2 - 5*w - 2. Let t be n(7). Let i = m + t. Calculate the greatest common factor of 11 and i.
11
Let p = 75 - 63. What is the greatest common factor of p and 12?
12
Suppose 3*k + 96 = 7*k. What is the highest common divisor of k and 12?
12
Suppose -2*c - 18 = -w - 96, -3*w = -2*c + 214. Let r = -40 - w. Calculate the greatest common divisor of r and 14.
14
Let r = 266 + -466. Let q be (6/5)/((-3)/r). What is the highest common factor of q and 10?
10
Let n(d) = d**2 - 6*d + 5. Let j be n(7). Suppose 3*v - 2 = 13. Suppose -2*g = 3*g - v*t - 430, -g = 2*t - 80. What is the greatest common factor of g and j?
12
Suppose 51 + 29 = 5*o. Let p = 26 - o. What is the greatest common factor of p and 50?
10
Suppose -i = -5*j + 11 + 43, -2*i - 8 = 0. Let d = -8 - -18. What is the highest common factor of j and d?
10
Suppose 4*l = 5*x + 217, 4*x = -5*l - x + 215. What is the greatest common factor of 60 and l?
12
Let m(y) = -y**3 + y**2 + 2*y + 2. Let j be m(-2). What is the highest common factor of j and 5?
5
Let m(g) = -6*g - 23. Let d be m(-6). What is the greatest common factor of 26 and d?
13
Let m(q) = -5*q + 5. Let p be m(-10). Calculate the highest common divisor of p and 440.
55
Suppose 5*q - 744 = -79. Calculate the greatest common factor of q and 19.
19
Let x = 40 + -24. What is the greatest common divisor of 8 and x?
8
Suppose 0 = -8*u + 2*u + 336. Calculate the highest common factor of 7 and u.
7
Let x(p) be the second derivative of -p**4/12 + p**3/6 - 7*p**2 + 4*p. Let z be x(0). Let q be (-74)/z - 4/14. What is the highest common divisor of 10 and q?
5
Suppose -187 = 3*u + 4*z, 3*u - 2*z = -0*u - 163. Let p be ((-15)/20)/(1/(-52)). Let d = p - u. What is the greatest common factor of d and 12?
12
Suppose m + 2 = -3*c, 4 = -5*m + 3*m. Suppose 0 = -c*b + 2*b. Let q(r) = r**3 - r + 96. Let a be q(b). Calculate the highest common factor of 16 and a.
16
Suppose 8 = 3*b + 248. Let w be b/(0 - (-3)/(-6)). Suppose 4*r = 3*z + 128, 6*r - z - w = r. Calculate the highest common factor of 4 and r.
4
Let x(w) = -w**2 - 8*w. Let n be x(-8). Suppose 5*s - 15 = n, 0*b + 3*b = 5*s + 18. What is the greatest common divisor of b and 121?
11
Let q be (8/(-6))/(3/(-162)). Suppose -4 = c - 0*c, 3*c = -3*m - 18. Let i(n) = -5*n - 1. Let l be i(m). What is the highest common factor of q and l?
9
Let k(x) = 16*x**2 + 1. Let y be k(-2). Suppose 3*n - 5*v = 97, -5*v + y = 4*n - 6. What is the highest common divisor of 8 and n?
8
Suppose 30 = -6*s + s. Let z be 21*(0 - s) + 0. What is the greatest common factor of z and 14?
14
Let f = 66 + 24. What is the greatest common divisor of f and 10?
10
Let q(m) = 7*m + 1. Suppose 31 = 3*d + 5*w, -23 = -4*d - 2*w - 5. Let l be q(d). Calculate the highest common factor of l and 75.
15
Let c = -16 + 22. Calculate the greatest common factor of 24 and c.
6
Let u(t) = t - 3. Let l be u(8). Let q = 2 + l. Let c = 23 - 2. What is the highest common divisor of c and q?
7
Let m = -36 + 44. Suppose 0 = -6*v + v + 360. Calculate the highest common factor of v and m.
8
Suppose 17 = -2*i + 5*r, -14 = -0*i - i - 5*r. Let k = 3 + -7. Let v be 3/k*4/i. Calculate the greatest common divisor of 33 and v.
3
Let k(n) = -2*n. Let u be k(-6). Let o be (-2)/5 - 108/(-20). Suppose 4*z + 25 + 2 = o*b, -3*b + z + 12 = 0. What is the greatest common divisor of u and b?
3
Let g be 3/(-2) + (-1)/(-2). Let f be (g - 0) + (2 - 11). Let j(h) = -6*h - 14. Let d be j(f). Calculate the highest common factor of d and 23.
23
Suppose -3*t + 3*v + 26 + 46 = 0, 0 = 4*v - 8. Suppose 0 = -3*d - 4*i + 23, d + 3 = -i - 3*i. What is the greatest common divisor of t and d?
13
Let w(c) = 111*c - 36. Let d be w(4). Calculate the greatest common factor of 68 and d.
68
Let m = -51 - -93. Calculate the greatest common divisor of m and 6.
6
Let x(n) = -n + 8. Let q be x(4). Let c be (-11)/(385/(-56))*90/4. Calculate the highest common divisor of q and c.
4
Let m be ((-6)/(-2) - 4)*-5. What is the highest common divisor of 35 and m?
5
Let v(w) = 62*w**2 + 1. Let d(c) = -2*c + 11. Let r be d(5). Let t be v(r). What is the greatest common divisor of t and 9?
9
Let h be (3 - 244/28)/((-2)/7). Calculate the highest common factor of h and 15.
5
Suppose 38*c - 36*c - 40 = 0. Calculate the highest common 